se 524 = 24*x + 23*x + 148. Calculate the greatest common divisor of x and 3272.
8
Let l(v) = -9*v**3 + 2*v**2 - 9*v - 30. Let x be l(-3). Calculate the highest common factor of 30 and x.
6
Let k be (-7 - -3)/(4/(-6)). Suppose -2*r = -4*r + k. Let f(x) = 2*x**3 - 4*x**2 - 2*x + 3. Let t be f(r). Calculate the highest common factor of t and 6.
3
Suppose -11*h = 8 - 41. Suppose 0 = -h*z + 136 + 38. What is the greatest common divisor of z and 116?
58
Let r = 189 - 183. Suppose 0*j - r*j = -162. What is the highest common divisor of j and 36?
9
Suppose 8*y = -v + 12*y + 804, 4125 = 5*v - 5*y. What is the greatest common factor of 936 and v?
104
Suppose -51*v - 91 = -64*v. Suppose v = 2*h - 243. Suppose 5*j - 129 = 4*t, 0*j - t + 49 = 2*j. What is the highest common factor of j and h?
25
Let u be 24/(-20) - ((-1124)/20 + 0). What is the greatest common factor of u and 40?
5
Let d = 477 - 466. Suppose -9 = -d*a + 299. What is the greatest common factor of 112 and a?
28
Suppose t = -322 + 322. Suppose -x + 151 - 7 = t. Calculate the greatest common factor of x and 18.
18
Suppose -2*x = -w - 4*w + 453, w = -5*x + 96. Suppose -k = t - 35, -37 = -4*t - k + w. Calculate the highest common divisor of 496 and t.
31
Suppose 5*v - 2*f - 120 = 0, 3*v - 91 = 6*f - f. Let q be ((-222)/(-12))/(1/v). Suppose -6*d - 5*d + q = 0. What is the highest common factor of d and 222?
37
Suppose 4*l - 33 = -3*h, h + 0 = l - 3. Let y be 735/84 + l/(-8). Let x be 2/(-6)*72/(-1). What is the highest common divisor of y and x?
8
Suppose 3*l - 4*j = 21, 0 = 5*l + 3*j + 13 - 77. Calculate the greatest common divisor of l and 4312.
11
Let b = -666 + 682. Let i(z) = 3*z - 13. Let v be i(6). Suppose -2*d + 6*d - 32 = -v*l, l = -3*d + 24. What is the highest common factor of b and d?
8
Let h be 172*(2/(-14))/((-34)/119)*17. What is the greatest common factor of 374 and h?
34
Suppose -3*p - 1 = -28. Suppose 3*k - 5*k = -378. What is the highest common factor of k and p?
9
Let r be ((-20)/16 + 2)*12 + (-48)/(-6). Calculate the highest common divisor of r and 1513.
17
Let m(x) = -x + 29. Let c be m(-8). Suppose -d + 4*r - 15 = 0, -d - 5*r = 7 - c. Let g = 9 - -26. What is the highest common divisor of d and g?
5
Suppose 610 = 30*n - 1370. Calculate the highest common factor of 2794 and n.
22
Suppose -179*x = -10375 - 30437. What is the highest common factor of x and 798?
114
Let l be 97 + 2 + (0 - 2). Suppose 5*c + 29*f = 25*f + 244, f - 204 = -4*c. Let h = l - c. What is the highest common factor of 9 and h?
9
Let r be ((-5)/(20/(-124)))/(-1). Let u = -29 - r. Suppose 0*x = u*x - 16. Calculate the greatest common divisor of x and 24.
8
Let r(f) = -510*f + 66. Let l be r(-1). Calculate the greatest common divisor of l and 360.
72
Let k = 9625 - 9579. Calculate the highest common divisor of k and 713.
23
Suppose 4*a + 52 = -8*l + 11*l, 8 = 4*a. Suppose 2*r + l = 2*p, -4*p = -r - 4 - 24. Calculate the highest common divisor of p and 16.
2
Let b be 140/18 - 4/(-18). Suppose 5*k = 4*c + 404, b*k - 3*k - 402 = 2*c. Suppose -11*q + k = 14. What is the greatest common divisor of q and 66?
6
Let b = -2893 - -2945. Calculate the highest common divisor of 1608 and b.
4
Let b = -16511 - -16679. Calculate the greatest common factor of 3038 and b.
14
Let u(i) = -268*i + 4232. Let g be u(14). What is the highest common factor of 1140 and g?
60
Suppose 3*p - 2590 = 3065. Calculate the greatest common factor of p and 13.
13
Suppose 3*g = 3*h - 0*h, -2*h + g = -5. Let b = -44193 - -44248. Calculate the greatest common divisor of b and h.
5
Suppose 4*h + 110 + 150 = 0. Let z = 66 + h. Calculate the highest common divisor of z and 8.
1
Let u = 14085 - 12971. What is the highest common divisor of u and 6?
2
Let c be 310/(-1860) + (-1369)/(-6)*1. What is the greatest common factor of c and 57?
57
Let o be 318/9 + (-4)/12. Suppose o + 253 = a. Suppose -83 = 24*q - 515. What is the highest common divisor of a and q?
18
Let m(d) = d + 7. Let i be m(6). Suppose -3*s = y - 120, 5*y - 230 = -4*s - 59. Let u = 65 - s. Calculate the greatest common divisor of i and u.
13
Suppose -5*a - 105 = -7*d, d - 42*a + 44*a - 34 = 0. What is the highest common factor of 2732 and d?
4
Let k be (924/(-672))/((-3)/552). Calculate the highest common divisor of k and 575.
23
Let s = -607 - -405. Let m = -200 - s. What is the highest common divisor of 1 and m?
1
Let c be 2/(-14) - 2732/(-14) - 1. What is the greatest common factor of c and 5238?
194
Let g(x) = -2*x**3 - 152*x**2 - 304*x - 416. Let s be g(-74). Calculate the greatest common factor of 2096 and s.
16
Suppose 3*s = -5*d + 110, 4*s + 5*d = 3*s + 50. Let u = -20 + 69. Suppose y - 2*q - 26 = 0, 2*q - u - 5 = -3*y. Calculate the greatest common factor of s and y.
10
Suppose -42*q + 317 + 19 = 0. Let l(g) = -g**3 - g + 44. Let a be l(0). Calculate the greatest common factor of a and q.
4
Let y(m) = 73*m**2 - 14*m + 13. Let q be y(1). What is the highest common factor of q and 1848?
24
Suppose 22*h - 7830 = -17*h + 9*h. What is the highest common factor of h and 435?
87
Let w be 9352/98 + 0 + (-4)/(-21)*3. Suppose -5*m + 15 + 15 = 0. Calculate the greatest common divisor of m and w.
6
Suppose 164*q + 848 = 5093 + 8383. Calculate the greatest common divisor of 3685 and q.
11
Let t = 24 - 6. Suppose x - 32 + t = 0. Calculate the greatest common divisor of x and 84.
14
Suppose 175 = q + 3*v, 2438*v = 2442*v - 12. What is the highest common divisor of q and 38014?
166
Let r be 1287/(-12) - -2*(-2)/(-16). Let g = 75 + r. Let i = g - -40. Calculate the greatest common divisor of 72 and i.
8
Let g be (240/18)/10*3. Suppose -g*r = -16*r + 324. Calculate the greatest common divisor of 81 and r.
27
Let l(j) = j**2 + 22*j + 2. Let x be l(-22). Let u be (-11 - -8)*(x - 56/6). Calculate the highest common divisor of u and 22.
22
Let k(n) = -n - n**3 + 8*n**2 + 2 + 10*n + 0*n. Let m be k(9). Let v be -3 + (1 - 0) - -5. Calculate the greatest common factor of m and v.
1
Suppose -2*q + 3*q = 2*y + 108, 7 = -y. Calculate the highest common divisor of q and 22090.
94
Suppose 7*n - 2*n = -20. Let u be 1*(1 + -6 + 2 - -3). Let g be (-12928)/(-144) + n/(-18) + u. What is the highest common factor of 10 and g?
10
Let n be (-5)/(-1 - (-1701)/1692). Let t = n - -942. What is the highest common factor of 8 and t?
2
Let o(c) = -451*c + 7682. Let y be o(17). Suppose w + 73 = 6*w + n, -6 = 3*n. Calculate the highest common factor of w and y.
15
Suppose 15*h + 288 = -10*h + 988. Calculate the greatest common factor of 4886 and h.
14
Suppose 10*x + 7*x = -2850 + 16518. Calculate the highest common divisor of 108 and x.
12
Suppose -4*a + 924 = -169*m + 172*m, -5*a = m - 308. Let k(w) = -29*w**3 + w. Let u be k(-1). What is the greatest common divisor of m and u?
28
Let z(d) = -d - 29. Let i be z(-33). Suppose i*h + 19 - 147 = -5*c, 0 = -3*h - 4*c + 95. Calculate the greatest common factor of 333 and h.
37
Let f(q) = -q**2 + 14*q + 12. Let k(x) = -4*x + 76. Let o be k(16). Let u be f(o). Calculate the greatest common divisor of 27 and u.
9
Let a = 143 + -122. Let u be (12/(-5))/(a/(-5390)). Calculate the greatest common divisor of u and 56.
56
Let b be ((-132)/(-10))/(((-696)/(-600))/29). What is the highest common factor of 20 and b?
10
Let n = 4904 - 4829. What is the highest common factor of 1965 and n?
15
Let p(u) = u**2 - 50*u - 2554. Let c be p(82). What is the greatest common divisor of c and 5390?
70
Let f(n) = 3*n**3 - 57*n**2 - 355*n - 117. Let q be f(24). Let c(k) = -3*k - 2. Let r be c(-2). Calculate the highest common factor of r and q.
1
Suppose -5*i = q - 31, -2*q = -7*i + 6*i - 40. Calculate the greatest common divisor of 756 and q.
21
Suppose 0 = -65*q + 17*q - 23493 + 397893. What is the greatest common factor of q and 13?
13
Let r(s) = s**3 - 17*s**2 + 16*s + 6. Let t be r(16). Suppose 0 = 2*d + t*d. Suppose -13*u + 572 = -d*u. What is the highest common divisor of 88 and u?
44
Suppose 0 = 62*u + 57488 - 122322 - 69086. What is the highest common divisor of u and 15?
15
Let t be (-5236)/(-102)*(11/7 - -1). Suppose -128*v + t*v = 64. What is the highest common factor of 128 and v?
16
Suppose -i + 4*f = -0*i + 9, -i + 2*f = 3. Suppose 4*l - d - 577 = 0, i*l - 39 = d + 393. Calculate